(5)?
478
Let w(d) = d**3 - 260*d**2 + 120. Give w(260).
120
Let u(g) = -29*g + 3031. What is u(105)?
-14
Let b(r) = -561*r**2 - 2192*r - 1632. Determine b(-1).
-1
Let i(r) = -577*r**2 - 3476*r - 26. What is i(-6)?
58
Let q(w) = 21146*w + 232522. Calculate q(-11).
-84
Let b(t) = -816*t**3 + 9*t + 6. Determine b(-1).
813
Let g(c) = 20*c + 341. Determine g(-6).
221
Let z(s) = -2*s**3 + 22*s**2 + 1151*s - 13519. What is z(12)?
5
Let z(w) = w**2 - 125*w - 1041. What is z(133)?
23
Let z(f) = 4*f**3 - 928*f**2 + 67*f - 15542. Determine z(232).
2
Let a(d) = 27*d**2 - 61*d - 168. Calculate a(7).
728
Let p(b) = -b**3 + 19*b**2 - 20*b - 1227. Determine p(23).
-3803
Let z(o) = -o**2 - 45*o + 2561. Determine z(32).
97
Let o(x) = 10312*x - 1732407. Give o(168).
9
Let b(m) = m**2 + 30338*m - 5831033. What is b(191)?
6
Let c(d) = 51323*d + 51331. Calculate c(-1).
8
Let u(l) = -4*l**3 - 28*l**2 - 676*l - 5657. Determine u(-8).
7
Let r(b) = b**3 - 31*b**2 - 52*b + 1593. Calculate r(31).
-19
Let c(q) = -51*q + 2086. Give c(30).
556
Let f(v) = 2402*v + 53500. Give f(-22).
656
Let f(h) = -2*h**3 - 74*h**2 + 1065*h - 3029. Determine f(7).
114
Let g(m) = -3*m**3 + 4486*m**2 + 117109*m + 12163. Give g(1521).
-5
Let u(s) = 7033*s - 7259. Give u(1).
-226
Let q(h) = 3*h**3 + 348*h**2 - 365*h - 1635. What is q(-117)?
3
Let v(p) = -1273*p**2 + 30593*p - 974. What is v(24)?
10
Let f(g) = g**3 + 53*g**2 - 40725*g + 2653. Give f(177).
-2
Let j(l) = -l**3 + 11*l**2 - 48*l + 20. Calculate j(6).
-88
Let j(h) = 1439*h - 371197. Determine j(258).
65
Let l(j) = -770*j - 167840. Give l(-218).
20
Let o(d) = 30*d + 3453. Give o(-105).
303
Let r(m) = 708*m + 16182. Give r(-23).
-102
Let y(m) = 34700*m + 451056. Give y(-13).
-44
Let w(m) = 35*m**3 + 1611*m**2 - 635*m - 31330. What is w(-46)?
-4
Let y(p) = -5*p**3 - 219*p**2 + 135*p + 1805. What is y(-44)?
-2199
Let r(m) = 37163*m + 37136. Calculate r(-1).
-27
Let h(f) = 2*f**2 - 193*f - 10882. Calculate h(-38).
-660
Let b(f) = 80*f**2 - 10598*f + 5022. Give b(132).
6
Let h(f) = 10*f**3 + 104*f**2 + 152*f + 40. Calculate h(-8).
360
Let c(i) = i**3 - 32*i**2 + 111*i - 2348. Calculate c(29).
-1652
Let s(q) = -1175*q - 13762. Calculate s(-12).
338
Let i(j) = -11*j**3 - 8*j**2 - 281*j + 1832. Give i(7).
-4300
Let o(i) = 2*i**3 - 45*i**2 - 201*i + 1910. Calculate o(25).
10
Let r(h) = -h**3 - 140*h**2 - 571*h - 1218. Calculate r(-136).
2454
Let g(m) = -2*m**2 - 1354*m - 8378. Determine g(-670).
1002
Let v(t) = -t**3 + 24*t**2 - 3813*t + 33080. Give v(9).
-22
Let v(j) = -15*j**3 - 4064*j**2 + 273*j + 615. What is v(-271)?
73
Let o(u) = -u**3 + 155*u**2 + 3*u - 456. Calculate o(155).
9
Let t(l) = -74*l - 6384. What is t(-85)?
-94
Let x(o) = 2591*o - 66917. What is x(26)?
449
Let s(c) = 1737*c + 29334. Calculate s(-16).
1542
Let n(k) = k**3 + 123*k**2 + 334*k - 16868. Give n(-119).
30
Let z(t) = t**2 - 826*t - 22720. What is z(-26)?
-568
Let c(m) = 3862*m - 288298. Give c(75).
1352
Let u(s) = 748*s + 7890. Determine u(-11).
-338
Let u(k) = -4*k**3 - 55*k**2 + 11*k - 95. Calculate u(-14).
-53
Let u(t) = t**3 + 7*t**2 - 21*t - 87. Determine u(-5).
68
Let b(w) = -6*w**3 - 16*w**2 + 13*w + 154. What is b(3)?
-113
Let x(v) = 7993*v**2 + 87921*v - 26. Determine x(-11).
-4
Let i(b) = b**3 + 502*b**2 - 2040*b + 1567. What is i(3)?
-8
Let i(x) = -x**3 + 207*x + 65. Determine i(-14).
-89
Let i(t) = -3*t**3 + 5*t**2 - 103*t + 376. Determine i(3).
31
Let c(p) = 4*p**2 + 1010*p + 28605. Determine c(-220).
5
Let k(r) = -1858*r - 22232. Determine k(-12).
64
Let f(g) = -g**3 - 174*g**2 + 195*g + 2352. Calculate f(-175).
-1148
Let i(d) = -29*d**2 + 27*d - 49. Calculate i(3).
-229
Let b(y) = -191*y - 30030. Give b(-157).
-43
Let d(b) = 58051*b + 174344. Calculate d(-3).
191
Let i(m) = -4*m**2 + 190*m + 822. Give i(51).
108
Let n(d) = d**2 + 106666*d - 1386804. What is n(13)?
23
Let f(s) = -343*s**2 + 378*s + 379. Calculate f(-1).
-342
Let j(b) = -b**3 + 60*b**2 - 193*b - 411. Calculate j(5).
-1
Let i(z) = -2*z**3 + 50*z**2 + 959*z - 22218. Determine i(28).
-70
Let h(x) = 324*x - 4253. What is h(14)?
283
Let a(l) = -5*l**3 - 19*l**2 + 224*l - 16. Determine a(5).
4
Let n(t) = 4*t**2 - 42395*t + 211965. Determine n(5).
90
Let u(v) = 2409*v**2 + 13860*v + 10. Calculate u(-6).
3574
Let r(p) = -16*p**2 - 1108*p + 1802. Determine r(-71).
-186
Let y(a) = a**3 - a**2 + 3923*a - 5. Give y(0).
-5
Let m(v) = -2*v**3 + 216*v**2 + 4532*v - 68. Determine m(-18).
4
Let n(g) = -533*g**2 + 10180*g - 980. Determine n(19).
27
Let o(x) = -2*x**2 + 560*x - 18789. Determine o(39).
9
Let t(a) = 41202*a + 123584. Give t(-3).
-22
Let z(g) = -990240*g + 5941439. Give z(6).
-1
Let y(r) = -2*r**2 + 179*r + 702. What is y(91)?
429
Let m(d) = d**3 - 268*d**2 + 6729*d - 244. Give m(28).
8
Let q(l) = 24*l**2 - 161*l + 630. Determine q(2).
404
Let r(l) = 2969*l**2 - 297*l + 2. Calculate r(-1).
3268
Let m(q) = -41*q**2 + 753*q - 918. What is m(13)?
1942
Let q(u) = 3*u**3 - 820*u**2 + 271*u + 534. Calculate q(273).
-12
Let y(d) = -1880*d - 188038. Give y(-100).
-38
Let s(x) = -90247*x - 1443960. Give s(-16).
-8
Let z(l) = -4165*l + 20824. Give z(5).
-1
Let v(u) = -511*u - 86403. Calculate v(-169).
-44
Let f(r) = 2*r**2 - 16656*r - 66655. Calculate f(-4).
1
Let h(u) = -5*u**2 - 109*u + 93. Calculate h(4).
-423
Let y(l) = 6*l**2 + 2192*l + 96818. Calculate y(-314).
106
Let n(a) = -a**2 + 141*a - 5136. Give n(77).
-208
Let n(l) = l**2 - 171*l + 6834. Give n(63).
30
Let u(y) = -1529*y + 26705. What is u(17)?
712
Let s(o) = 60449*o + 483607. Calculate s(-8).
15
Let q(n) = -964*n - 12543. Give q(-13).
-11
Let x(g) = -3*g**2 + 1813*g + 189027. What is x(695)?
-13
Let y(m) = 10068*m - 49736. Calculate y(5).
604
Let v(g) = -6*g**2 + 265*g + 6719. Determine v(-18).
5
Let o(c) = -c**3 + 6*c**2 + 110*c + 18. Give o(-9).
243
Let i(s) = s**2 + 3894*s + 112078. Give i(-29).
-7
Let l(n) = 2*n**3 - 17*n**2 + 25*n - 16. What is l(7)?
12
Let v(a) = 21*a**2 - 171*a + 210. What is v(1)?
60
Let c(a) = a**2 - 4381*a + 91537. Determine c(21).
-23
Let o(j) = 8*j**3 + 28*j**2 - 436*j - 1902. What is o(-6)?
-6
Let c(t) = -66*t**2 + 298*t - 457. Give c(2).
-125
Let g(f) = 3*f**3 + 167*f**2 - 1068*f - 38388. What is g(-58)?
8
Let h(d) = 527*d**3 - 39*d**2 - 39*d - 3. Calculate h(-1).
-530
Let w(f) = 5*f**2 - 13589*f - 593589. Determine w(-43).
-17
Let j(s) = -3*s**3 + 9*s**2 + 18*s + 29. Give j(-5).
539
Let z(k) = -36*k**2 + 499*k - 283. Determine z(18).
-2965
Let y(z) = 672*z - 9172. Give y(18).
2924
Let a(g) = -2*g**3 + 591*g**2 + 395792*g - 274. Give a(-321).
47
Let i(w) = 6*w**3 - 1477*w**2 + 4625*w - 1872. Calculate i(243).
72
Let j(f) = -5*f**2 + 438*f + 600. Determine j(88).
424
Let p(j) = j**3 - 364*j**2 + 2337*j - 67642. Calculate p(358).
20
Let i(d) = 1118*d - 129753. Determine i(116).
-65
Let l(k) = 8*k**2 - 13*k - 1324. Calculate l(14).
62
Let k(v) = 6443*v + 167709. What is k(-26)?
191
Let h(w) = -87*w + 3604. What is h(15)?
2299
Let z(d) = -22425*d - 650323. Calculate z(-29).
2
Let y(i) = -22*i**3 - 97*i**2 - 44*i + 51. Calculate y(-1).
20
Let w(k) = 4991*k + 479090. What is w(-96)?
-46
Let f(t) = -7147588*t + 35737945. Calculate f(5).
5
Let r(j) = 395*j - 3698. Calculate r(9).
-143
Let m(a) = 6*a**2 - 59*a + 18. What is m(11)?
95
Let q(d) = 42*d + 84. Determine q(-21).
-798
Let l(t) = -12678*t - 4424617. Determine l(-349).
5
Let k(a) = 22*a**3 - 9191*a**2 + 25313*a + 798. Determine k(415).
-32
Let u(y) = 2*y**2 - 16520*y - 33032. Determine u(-2).
16
Let a(n) = -30132*n - 88887. Determine a(-3).
1509
Let t(h) = 2*h**2 - 40960*h - 778935. Determine t(-19).
27
Let y(m) = -2*m**2 - 419*m + 8207. Give y(20).
-973
Let a(t) = -7*t**2 - 1011*t - 4037. Give a(-4).
-105
Let x(g) = -5899*g + 948. Calculate x(1).
-4951
Let m(o) = -105*o**3 - 286*o**2 + 32*o + 2. Give m(-3).
167
Let d(b) = 1238*b - 17349. Calculate d(14).
-17
Let o(l) = -2*l**2 - 949*l - 83394. Determine o(-357).
501
Let m(v) = -76*v - 3966. Calculate m(-49).
-242
Let y(i) = -i**3 - 5*i**2 + 63*i - 689. Give y(8).
-1017
Let i(m) = m**3 - 479*m + 83. Calculate i(0).
83
Let l(h) = -94*h**2 - 1469*h - 5716. Give l(-8).
20
Let t(a) = a**2 - 44013*a - 8665003. Determine t(-196).
-39
Let n(a) = 5533*a - 44718. What is n(7)?
-5987
Let x(m) = -m**2 + 4832*m - 1